3
Suppose -3*k - 8 + 26 = 0. Let l be 0 + 3/k*16. Suppose -l = -a + r, 0 = 3*a - 0*a - 4*r - 26. List the prime factors of a.
2, 3
Suppose 0 = 5*w + 5*f - 155, 128 = 4*w + 3*f - 0*f. What are the prime factors of w?
5, 7
Suppose 3*w - 214 = -4*k - 2*w, 4*w = 4*k - 196. Suppose -2*o + 48 = -2*z, -5*o + 3*z + 63 + k = 0. What are the prime factors of o?
3, 7
Suppose 0 = 4*i - 97 - 127. What are the prime factors of i?
2, 7
Let m = 10 - 7. Let x be 31/3 + (-4)/(-6). Let i = x + m. List the prime factors of i.
2, 7
Suppose -3*p + 0*p + 9 = 0, 2*q + 2*p = 12. What are the prime factors of 14 - q/2*2?
11
Let q(o) = 3*o - 9. Let y = -6 + 4. Let j be 2*((-9)/y + -1). List the prime factors of q(j).
2, 3
Let d(a) = 9*a - 14. List the prime factors of d(8).
2, 29
Suppose 184 = -5*a + a. Let u be a/(-8) + (-3)/4. Let m = 16 - u. List the prime factors of m.
11
Let z = -11 - -15. Suppose -z*d = -5*o - 203, 5*d + 5*o - 57 = 4*d. What are the prime factors of d?
2, 13
Suppose -f = 5*y + 21, -f + 5*y = 2*f - 37. Suppose 3*n = 2*p, -f*p + 8 = 2*n - 4*n. What are the prime factors of (1/n)/((-1)/(-22))?
11
Suppose -2*c + 7*c + 806 = 4*s, -4*c + 987 = 5*s. What are the prime factors of s?
199
Let i(w) be the second derivative of w**5/20 + w**3/6 - w. Let u(j) be the second derivative of i(j). List the prime factors of u(1).
2, 3
Suppose 0 = -p - 3, -3*s - 3*p - 25 = -4*s. Suppose 2*o - 4*o = -s. List the prime factors of o.
2
Let c(r) = -r**2 - 6*r + 1. Let j be c(-6). What are the prime factors of -1 - (j + 0)*-13?
2, 3
Let i(k) = k + 20. Let d be 1 - (-1 - (-1 + 17)). List the prime factors of i(d).
2, 19
Let i be (-1 + (-46)/(-8))*4. Let y be 2 + 2 + -2 - -2. Suppose -i - 5 = -y*j. What are the prime factors of j?
2, 3
Let v(w) = -w**3 - 15*w**2 + 11. List the prime factors of v(-15).
11
Let r be 0 + 5/((-15)/6). What are the prime factors of (-1)/r*6/1?
3
Let m be -6 - (-2)/(-5)*5. Let l = -2 - m. What are the prime factors of l?
2, 3
Let m(b) = b - 6. Let y be m(6). Suppose y = 4*r - 3*r. Suppose 2*c - 1 - 7 = r. List the prime factors of c.
2
Let i be 6/(-9) + (-33)/(-9). Suppose i*r = -0*r + 54. List the prime factors of r.
2, 3
Suppose -4*l - t = -256, 3*l - 216 + 19 = -2*t. What are the prime factors of l?
3, 7
Suppose 2*v = 110 + 112. Suppose -r + 86 = 3*r + o, 3*o = -5*r + v. List the prime factors of r.
3, 7
Let w = 530 + -240. What are the prime factors of w?
2, 5, 29
Let y(l) be the third derivative of l**4/24 - l**3/6 + 3*l**2. Let k be y(2). Let a = k + 10. List the prime factors of a.
11
Let a be 2 - -15 - (-1 + 4). Suppose -2*j + a + 4 = 0. List the prime factors of j.
3
Let s(w) = -w**2 - 7*w - 6. Let t be s(-6). Suppose t = -3*v + 4*v - 16. What are the prime factors of v?
2
Let w(u) = u**2 - 2*u + 11. What are the prime factors of w(-6)?
59
List the prime factors of (100/(-35))/5 + (-725)/(-7).
103
List the prime factors of (-21)/(-14) + 25/2.
2, 7
Let s be (-420)/(-75) + (-3)/5. Suppose 5*x + 4*o - 163 = 0, -3*x + 89 = 3*o - s*o. List the prime factors of x.
31
Suppose -2*j - t + 3*t = -12, 4*j = -5*t + 69. Let h = 16 - j. Suppose 5*q = 0, 0 = p - h*q - 1 - 3. What are the prime factors of p?
2
Let z = -41 + 26. Let m = -7 - z. List the prime factors of m.
2
Suppose 0 = -2*v - 1 + 3. Suppose -2*y = -t - 5, -3*t = 3*y + 2 + 4. Let z = y + v. List the prime factors of z.
2
Let m be 2 + -2 - (0 + -3). Suppose -1 = -2*p - m*v, 3*p - 4*v + 3*v - 18 = 0. Suppose 4*h = -20, 4*n - p = -h + 2. List the prime factors of n.
3
Suppose 5*c + 4*x = -49, -4*c - 23 = -2*x + 11. Let r = c - -16. What are the prime factors of r?
7
Suppose 3*l - 15 = 8*l. Let h = l - -15. List the prime factors of h.
2, 3
Let l = -1 - -2. Suppose 2*g = 5*o + 13, -o - l = -0*o. Suppose -g = -x + 2. List the prime factors of x.
2, 3
Let x be 3 + -3 + 4*8. Let g = -11 + x. List the prime factors of g.
3, 7
Let j(i) be the second derivative of -i**5/20 + i**4/2 - i**3/3 - 3*i**2/2 + i. Let m be j(3). What are the prime factors of ((-10)/3)/((-6)/m)?
2, 5
Let o(v) = 27*v - 13. What are the prime factors of o(12)?
311
Suppose 2*u + 0 = 3*x - 3, 2*x + 2*u - 12 = 0. Let c(p) = -x + 4*p + 6*p**2 + p**3 + 6*p - 2*p**3 - 3. List the prime factors of c(7).
3, 5
Let r(v) = 0 + 3*v**2 + 0 - 5*v + v**3. Let z be r(-4). List the prime factors of (-26)/(-10) + z/10.
3
Let v = -13 - -21. Suppose 3*u = v*x - 4*x - 91, -5*x = -2*u - 112. List the prime factors of x.
2, 11
Let x = 50 - -231. List the prime factors of x.
281
Let l(g) = -4*g**2 + g - 1. Let a be l(-2). Let q = 16 - a. Suppose -3*b = 2*b - q. List the prime factors of b.
7
Let d(p) = -p**3 - 16*p**2 + p + 19. Let g be d(-16). What are the prime factors of (g/9)/(2/150)?
5
Suppose 0 = -23*j + 17*j + 1974. List the prime factors of j.
7, 47
Suppose 90 = 3*d - w - 44, 4*d = 2*w + 180. List the prime factors of d.
2, 11
Let n(b) = b**3 - b**2 - 4*b + 4. Let g be n(3). Suppose 0 = l + l - g. List the prime factors of l.
5
Let w(x) = 5*x**2 - 12*x - 1. Let o(j) = 6*j**2 - 13*j - 2. Let n = 8 + -4. Let s(a) = n*w(a) - 3*o(a). List the prime factors of s(6).
2, 5
Let x = 23 - 5. Suppose -h = 2*h - x. Suppose c - h = -s, -3*c + 5*s + 13 = -37. List the prime factors of c.
2, 5
Let r be (-2)/3 - (-8)/3. Suppose -23 = -y + r*j, -y - 6*j = -j - 2. List the prime factors of y.
17
Let x be 6/4*(-24)/(-9). Suppose -x*g - 2*l = -182, 3*g + l - 133 = -4*l. What are the prime factors of g?
2, 23
Suppose 18*l - 6*l - 684 = 0. What are the prime factors of l?
3, 19
Let o(p) = 10*p. Let r = -5 + 4. Let a be o(r). Let u = -7 - a. What are the prime factors of u?
3
Suppose -4*i + 264 = 4*t, -3*i = -2*t - 0*i + 147. What are the prime factors of t?
3, 23
Suppose 0 = 3*n - 4*n - 1. What are the prime factors of 5*(-1 - 0)*n?
5
Let r(s) = 2*s**2 - 13*s + 1. List the prime factors of r(9).
2, 23
Let f = -2 - -1. Let c be 0/(f - (0 + 0)). List the prime factors of 2/1 + (c - 0).
2
What are the prime factors of 56*(0 + 14/4)?
2, 7
Let y = 9 + -3. Suppose -y = 2*z + 10. Let i = z - -14. List the prime factors of i.
2, 3
Suppose 0*k = -4*k - 4. Suppose -4*b = -4*d - 20, 2*b + 3*b - 5 = -5*d. List the prime factors of (-2 + -6)*(d - k).
2
Let r be (12/(-16))/((-2)/(-8)). Let c = r - -7. What are the prime factors of (c/(-3))/(3/(-18))?
2
Suppose 2*p - 6*p + 8 = -2*j, -4 = j + 4*p. Let h(a) = 2*a**2 + 5*a. Let v be h(j). Let n = v - 1. List the prime factors of n.
11
Let g(t) = 4*t + 2. Let y be g(3). Let r(l) = 2*l - 11. Let u be r(8). Suppose -c - 19 = -3*q, -u*q + c - y = -49. List the prime factors of q.
2
Let s(m) = 3*m**2 + 2*m + 2. Let j(g) = -7*g**2 - 3*g - 5. Let z(w) = 4*j(w) + 9*s(w). List the prime factors of z(5).
3
Let y(a) = a**3 - 2*a**2 - 5*a - 5. What are the prime factors of y(6)?
109
Suppose 4*s - v = 17, -5*s + 3*s = -2*v - 4. What are the prime factors of s?
5
Suppose -3*w + 109 = -2*k - 46, 3*k - 37 = -w. What are the prime factors of w?
7
Suppose -5*u + 2*z + 4 = -4, 4*u - 6 = 2*z. Suppose -3*x = 2*n - x + u, -2*n + x + 7 = 0. What are the prime factors of n?
2
Let i(l) be the first derivative of l**2 + 3*l + 3. Let k be i(4). Suppose c - 4 = -2*x + k, 0 = -5*x - 4*c + 33. List the prime factors of x.
3
Let o be 9/((-4)/(8/(-3))). Suppose -x = o - 25. What are the prime factors of x?
19
Let d(g) = -g**3 - 5*g**2 - 4*g. Let m be d(-3). Let w(b) = b**3 + 5*b**2 - 5*b - 3. Let v be w(m). Let l = 1 - v. What are the prime factors of l?
2, 5
Let r(g) = 125*g - 1. List the prime factors of r(2).
3, 83
Suppose 6 = 4*w + 18. Let v = w + 1. What are the prime factors of 11 + -2 + (v - -3)?
2, 5
Let b be 6/3 + -4 + -2. Let n = b + 12. Suppose -2 = -3*k - n, -3*s + 16 = -2*k. List the prime factors of s.
2
Let l = 25 + -4. Let q = 29 - l. What are the prime factors of q?
2
Let j = 40 + -18. Suppose -3*x + j = -23. What are the prime factors of x?
3, 5
Let f = -11 + 13. What are the prime factors of (f - 10)/((-6)/15)?
2, 5
Suppose -3*t = -4*f + 201, 7 = 5*f - 2*t - 253. List the prime factors of f.
2, 3
Suppose -2*t + 81 = c - 99, -180 = -2*t + c. List the prime factors of t.
2, 3, 5
Suppose 3*z - z = 14. Suppose 3*p = 3*s + z*p - 23, -4*s + 2*p + 16 = 0. What are the prime factors of s?
5
Suppose 0*k - 2 = -2*k. What are the prime factors of k/(